v + 16 = 0. Let o(j) = j**3 + 3*j**2 - 4*j + 6. Let c be o(v). What is the greatest common factor of c and 68?
34
Suppose -3*n = 2*n - 15. Let a be (-1)/(1/57*n). Let o = 44 + a. What is the highest common divisor of 75 and o?
25
Let d(v) = v**2 + 2*v + 3. Let a be d(-2). Suppose 0 = n + n + 8. Let t = a - n. What is the highest common divisor of t and 21?
7
Let q(u) = -8*u + 16. Let t be q(-4). Let n = t + -40. Let c(j) = -j - 4. Let h be c(-5). Calculate the highest common divisor of n and h.
1
Suppose -2*j - 1 + 145 = 0. What is the greatest common factor of j and 63?
9
Let i(a) = 3*a + 16. Let d be i(-4). Suppose 8 = -6*f + 7*f. Calculate the highest common divisor of f and d.
4
Let i be (-39)/(13/273*-7). Calculate the highest common factor of i and 1014.
39
Suppose -351 = 18*d - 21*d. Calculate the greatest common factor of 156 and d.
39
Suppose -4*s + 2*c = 5*c - 32, 0 = 2*s - 5*c + 10. Suppose -8 = 2*z, 33*u - 34*u + 4*z = -21. Calculate the greatest common factor of s and u.
5
Suppose h + 5*h = 276. Suppose t + 7 = h. What is the greatest common factor of 13 and t?
13
Suppose -9*z = -7*z - 4. Suppose -z*r = -3*j - 13, 4*r - 24 - 7 = j. What is the highest common factor of 16 and r?
8
Let i = -36 - -38. Suppose -i*p + 3*p = 45. What is the highest common factor of p and 5?
5
Let m = -1 - -8. Let i = 20 - m. What is the highest common divisor of i and 117?
13
Let f be 1/72*-6 + (-578)/(-24). Calculate the highest common divisor of 348 and f.
12
Let m be 2/(((-22)/16)/(-11)). Let y = -262 - -438. What is the greatest common divisor of y and m?
16
Let u = -317 - -380. Calculate the highest common divisor of 84 and u.
21
Let h = -318 + 426. Calculate the highest common factor of 27 and h.
27
Suppose -107 = -4*l - 87. Calculate the greatest common divisor of 685 and l.
5
Let v = 717 - 668. What is the highest common factor of 1225 and v?
49
Let w be 4 - 0/2 - -5. Let g = w + -7. Suppose -g*p + 5*r + 11 = 0, -14 = -p - 2*r - 4. Calculate the greatest common factor of p and 8.
8
Let q(m) = -m**3 + m**2 + m + 5. Let v be q(4). Let k = v + 135. Suppose -z - k = -2*l, 234 = 3*l + 2*l - 4*z. What is the highest common divisor of l and 125?
25
Let t(k) = 3*k**2 + 1. Let l be t(-1). Let f = 139 - 131. Calculate the greatest common divisor of l and f.
4
Let m be (-2)/(-19) - 115101/(-551). What is the highest common divisor of 38 and m?
19
Suppose x - 3*x = -2. Let j be 2 + (-2 - -1) + x. Suppose j*m - 6*m + 2*k + 26 = 0, 3*k = -3*m + 42. Calculate the highest common factor of 99 and m.
9
Suppose 111 = 4*j + 2*h + 1, 10 = -2*h. Suppose -5*r + 253 = -192. Suppose 7 + r = 8*o. What is the greatest common divisor of o and j?
6
Suppose 5*z + 109 = 1009. Suppose -y + z = 3*y. Let m be ((-1)/(-3))/(3/y). What is the greatest common factor of 25 and m?
5
Let f(d) = d**3 - 3*d**2 - 6*d + 4. Let j be f(6). Let v = 4 - -9. Suppose y = v + 6. Calculate the highest common factor of j and y.
19
Suppose -n = -0*n + 4*a + 16, -3*n - a = 48. Suppose -10 = s - 6*s. Let g be n*((-3 - 0) + s). Calculate the greatest common factor of 80 and g.
16
Suppose u = -f + 5, u + 2*f - 8 + 3 = 0. Suppose -2*s + u = 3*s. Let r be s/((3/10)/3). Calculate the greatest common factor of 70 and r.
10
Let c(x) = -2*x**3 + 38*x**2 - 23*x - 19. Let g be c(18). Calculate the highest common factor of g and 15.
5
Let u be (20 - 3)*9/(-12)*-12. Calculate the greatest common factor of u and 9.
9
Suppose -2*v = v - 5*j - 23, -35 = -5*v + 5*j. What is the greatest common factor of 26 and v?
2
Let g(s) = 13 + 18*s + 12*s**2 + s**3 + 27*s - 35*s. Let b be g(-11). What is the highest common divisor of 16 and b?
8
Let k be (-35541)/(-45) - (-42)/35. What is the greatest common divisor of k and 226?
113
Let l be (36/(-8) + 2)/((-1)/2). Suppose -l*d + 3*z = -43, 0*d - 27 = -4*d - 5*z. Calculate the highest common factor of d and 56.
8
Suppose -85 = -4*a + x, 5*a + 5*x + 40 = 165. Let c(b) = 97*b + 4. Suppose 0 = 4*p - 4 - 4. Let s be c(p). Calculate the greatest common factor of s and a.
22
Suppose 25*b = 21*b + 56. Suppose 3*o = 5*c + o - 550, 0 = -3*c + o + 331. What is the greatest common factor of b and c?
14
Let m(a) = -a + 9. Let g(n) = 8*n - 64. Let l(k) = -3*g(k) - 20*m(k). Let h be l(-14). Suppose 12 = 2*u - 22. Calculate the greatest common divisor of h and u.
17
Let y = 201 - 104. Let j = y - 13. What is the greatest common divisor of j and 12?
12
Let f(r) = -176*r + 4. Let g be f(-1). What is the greatest common factor of g and 72?
36
Suppose 0*l = 4*l - 3*x - 15, l - 7 = 4*x. Calculate the greatest common divisor of 24 and l.
3
Suppose -2*i = 9 - 63. Let u(d) = -3*d. Let w be u(-6). What is the greatest common divisor of w and i?
9
Let w be ((-33)/(-44))/(2/288). Suppose v + 2*v = 0. Let a be -3 + v + (2 - -13). What is the greatest common divisor of a and w?
12
Let h(m) = -3*m**2 + 2*m. Let s be h(2). Let f be s/3*(27/4)/(-9). Suppose -j - j + 8 = 0. Calculate the greatest common divisor of j and f.
2
Suppose o = -w + 5*w + 3, -6 = -2*o - w. Let j be 3 + (o/3 - -8). Calculate the highest common factor of j and 96.
12
Suppose 4*p = 2*p. Suppose p*n - 2*n + 56 = 0. Suppose -3*k + 28 = 4*i, k + 0*i = i. What is the highest common divisor of k and n?
4
Suppose -3*k = -f - 70, 0 = k + 4*f - 5*f - 22. What is the greatest common divisor of 300 and k?
12
Let c(v) = 36*v**2 - 3*v. Suppose -21 = y - 24. Let m be c(y). Calculate the greatest common divisor of m and 35.
35
Let q be ((-2)/(-6))/(-2 + (-129)/(-63)). Let f = q - -9. What is the greatest common factor of f and 32?
16
Let n(v) be the first derivative of v**2 + 8*v + 8. Let b be n(9). Calculate the greatest common factor of b and 65.
13
Suppose 2*m = -4*x + 22, 0 = -11*m + 7*m - 4. Calculate the highest common divisor of 4 and x.
2
Let x be 3/((6/(-70))/(1/(-5))). Let t be (-150)/(-14) + 2/x. Calculate the highest common factor of t and 11.
11
Let g = 300 + -237. Calculate the highest common factor of g and 168.
21
Let i(c) = c**3 + 8*c**2 - 6*c. Let p be i(-8). Let u be (-21)/2*p/(-36). What is the highest common factor of 28 and u?
14
Let v(h) = h + 2. Let q be v(0). Suppose -q*x + 1 + 1 = 0, 3*k - 76 = -4*x. What is the greatest common divisor of 60 and k?
12
Suppose 0 = -7*l + 367 + 74. Calculate the highest common factor of 7 and l.
7
Let p = 90 - -14. Let g = -4 + 9. Suppose g*r + 25 = 0, 3*c - 4*r = -c + 72. Calculate the highest common divisor of p and c.
13
Let p be ((-16)/(128/66))/(1/(-4)). What is the greatest common divisor of p and 671?
11
Let j(u) = 31*u + 626. Let m be j(-16). Calculate the highest common factor of m and 1235.
65
Let x(w) = 38*w - 105. Let r be x(3). What is the highest common factor of 9 and r?
9
Let c = 12 + 17. Suppose 0 = -c*q + 24*q + 125. Let l = 31 - q. What is the greatest common factor of 6 and l?
6
Suppose h - 3*n - 121 = 76, 615 = 3*h - 3*n. What is the greatest common divisor of h and 11?
11
Let d = 43 - 46. Let r be (-581 - 3)/(-4) - -3 - d. Calculate the highest common divisor of 19 and r.
19
Let t be ((-2)/(-2) + -2)*-6. Let p be ((-30)/(-60))/((-4)/(-384)). Calculate the highest common divisor of t and p.
6
Suppose -2*p + 480 = 3*p. Suppose -35 = -5*r - 5*z, r = 3*r + z - 9. Suppose -v - 9 = -r*g + 4*v, 3*v = g - 3. What is the highest common divisor of p and g?
12
Let b(n) = -6561*n**2 - 1. Let y be b(-1). Let f = y - -9412. Let c be (f/(-21))/5*-7. What is the highest common divisor of c and 76?
38
Suppose 2*w - 282 = -2*i, 4*w - 4*i - 444 = w. Suppose 2*x = 6*x - w. What is the highest common divisor of 24 and x?
12
Let b be ((-75)/20)/15 - 233/(-4). Calculate the greatest common divisor of b and 232.
58
Suppose 5*b + t - 33 = 42, -4*b - 3*t = -71. What is the highest common divisor of b and 406?
14
Suppose 4*x = 2*x + 6. Suppose c + 87 = 88*c. What is the highest common divisor of x and c?
1
Let x be (-19)/(-4) + (-6)/8. Suppose -x*n - 54 = -4*g + 30, 25 = -n + 3*g. Let j = 20 + n. What is the greatest common factor of 8 and j?
1
Suppose 9022 = 57*o - 30080. Calculate the highest common factor of 294 and o.
98
Suppose -5*n = -3*w + 67, 2*n - 46 = -14*w + 10*w. What is the highest common divisor of 8 and w?
2
Let l be (75/18 - 2)/(3/18). What is the greatest common factor of l and